{"id":8363,"date":"2023-09-04T14:31:58","date_gmt":"2023-09-04T12:31:58","guid":{"rendered":"https:\/\/billroth73.at\/?page_id=8363"},"modified":"2023-09-04T14:39:50","modified_gmt":"2023-09-04T12:39:50","slug":"debattierclub","status":"publish","type":"page","link":"https:\/\/billroth73.at\/index.php\/debattierclub\/","title":{"rendered":"Debattierclub"},"content":{"rendered":"<p>[vc_row][vc_column][vc_column_text]<\/p>\n<h4>Speak up!<\/h4>\n<div class=\"elementToProof\">In unserem Modul &#8222;Debattierclub&#8220; lernen die Sch\u00fclerInnen professionell und fundiert jugendrelevante Themen zu debattieren.<\/div>\n<div class=\"elementToProof\"><span class=\"ContentPasted0\">Gegner mit pr\u00e4ziser Argumentation von einer Position zu \u00fcberzeugen ist nicht nur eine f\u00fcr das Leben wichtige Kompetenz, sondern macht auch Spa\u00df. Wir debattieren nach den Regeln der offenen parlamentarischen Debatte und nehmen j\u00e4hrlich an der Staatsmeisterschaft f\u00fcr Sch\u00fclerInnen teil.<\/span><\/div>\n<div class=\"elementToProof\"><span class=\"ContentPasted0\">Auch 2023 konnten wir wieder den Vize-Staatsmeister-Titel holen!<\/span><\/div>\n<p>[\/vc_column_text][vc_empty_space][vc_single_image image=&#8220;8367&#8243; img_size=&#8220;full&#8220; onclick=&#8220;img_link_large&#8220;][vc_single_image image=&#8220;8373&#8243; img_size=&#8220;full&#8220; onclick=&#8220;img_link_large&#8220;][\/vc_column][\/vc_row]<\/p>\n","protected":false},"excerpt":{"rendered":"<p>[vc_row][vc_column][vc_column_text] Speak up! In unserem Modul &#8222;Debattierclub&#8220; lernen die Sch\u00fclerInnen professionell und fundiert jugendrelevante Themen zu debattieren. Gegner mit pr\u00e4ziser Argumentation von einer Position zu \u00fcberzeugen ist nicht nur eine f\u00fcr das Leben wichtige Kompetenz, sondern macht auch Spa\u00df. Wir debattieren nach den Regeln der offenen parlamentarischen Debatte und nehmen j\u00e4hrlich an der Staatsmeisterschaft f\u00fcr&hellip;<\/p>\n","protected":false},"author":10,"featured_media":0,"parent":0,"menu_order":0,"comment_status":"closed","ping_status":"closed","template":"","meta":{"footnotes":"","_links_to":"","_links_to_target":""},"class_list":["post-8363","page","type-page","status-publish","hentry","description-off"],"_links":{"self":[{"href":"https:\/\/billroth73.at\/index.php\/wp-json\/wp\/v2\/pages\/8363","targetHints":{"allow":["GET"]}}],"collection":[{"href":"https:\/\/billroth73.at\/index.php\/wp-json\/wp\/v2\/pages"}],"about":[{"href":"https:\/\/billroth73.at\/index.php\/wp-json\/wp\/v2\/types\/page"}],"author":[{"embeddable":true,"href":"https:\/\/billroth73.at\/index.php\/wp-json\/wp\/v2\/users\/10"}],"replies":[{"embeddable":true,"href":"https:\/\/billroth73.at\/index.php\/wp-json\/wp\/v2\/comments?post=8363"}],"version-history":[{"count":4,"href":"https:\/\/billroth73.at\/index.php\/wp-json\/wp\/v2\/pages\/8363\/revisions"}],"predecessor-version":[{"id":8375,"href":"https:\/\/billroth73.at\/index.php\/wp-json\/wp\/v2\/pages\/8363\/revisions\/8375"}],"wp:attachment":[{"href":"https:\/\/billroth73.at\/index.php\/wp-json\/wp\/v2\/media?parent=8363"}],"curies":[{"name":"wp","href":"https:\/\/api.w.org\/{rel}","templated":true}]}}