{"id":4135,"date":"2018-10-18T08:01:28","date_gmt":"2018-10-18T06:01:28","guid":{"rendered":"http:\/\/172.20.100.4\/?page_id=4135"},"modified":"2025-10-01T14:06:15","modified_gmt":"2025-10-01T12:06:15","slug":"dlp","status":"publish","type":"page","link":"https:\/\/billroth73.at\/index.php\/dlp\/","title":{"rendered":"Dual Language Programme"},"content":{"rendered":"<p>[vc_row][vc_column][vc_column_text][\/vc_column_text][vc_single_image image=&#8220;3120&#8243; img_size=&#8220;full&#8220;][vc_column_text][\/vc_column_text][vc_empty_space][vc_column_text]Seit dem Schuljahr 2007\/08 ist das BG\/BRG 19 eine offizielle DLP Schule. Im Gegensatz zu den International Schools und Bilingualen Schulen, wo alle F\u00e4cher auf Englisch unterrichtet werden, gibt es in der DLP Klasse lediglich eine gewisse Anzahl an Unterrichtsstunden auf Englisch.<\/p>\n<p>Die DLP Klasse ist auf die Unterstufe beschr\u00e4nkt (4 Jahre). In drei Stunden pro Woche findet der Unterricht in bestimmten F\u00e4cher: Biologie, Geografie, Geschichte oder Musik zum Teil oder g\u00e4nzlich auf Englisch statt. In der Klasse unterrichtet sowohl ein permanenter, qualifizierter Native Speaker als auch ein im spezifischen Fach ausgebildeter \u00f6sterreichischer Lehrer.<\/p>\n<p>F\u00fcr Eltern und Sch\u00fcler, die sich f\u00fcr die DLP-Klasse interessieren, gibt es einen Informationsstand am &#8222;Tag der offenen T\u00fcr&#8220; der Schule, der jedes Jahr im Oktober stattfindet. Dies ist eine Gelegenheit, mit den am Programm beteiligten Lehrern und Sch\u00fclern zu sprechen und Fragen zu stellen.<\/p>\n<p>Wenn Sie Ihr Kind f\u00fcr das kommende Schuljahr f\u00fcr die DLP-Klasse anmelden m\u00f6chten, m\u00fcssen Sie sich zun\u00e4chst f\u00fcr ein <strong>Orientierungsgespr\u00e4ch <\/strong>anmelden. Diese Orientierungsgespr\u00e4che finden vor den offiziellen Schuleinschreibungen f\u00fcr das jeweilige Schuljahr statt.<\/p>\n<p>&nbsp;<\/p>\n<p><strong>F\u00fcr das kommende Schuljahr 2026\/27 finden die Orientierungsgespr\u00e4che zwischen dem 21.01. und dem 23.01.2026 an unserer Schule statt. <\/strong>Die <strong>Terminvereinbarung<\/strong> f\u00fcr das <strong>Orientierungsgespr\u00e4ch<\/strong> findet <strong>ONLINE<\/strong> <strong>zwischen 08.01. und 14.01.2026 <\/strong>auf <strong><a href=\"http:\/\/www.billroth73.at\" target=\"_blank\" rel=\"noopener\">www.billroth73.at<\/a> <\/strong>statt.<\/p>\n<p>&nbsp;<\/p>\n<p><strong>Bitte f\u00fcllen Sie das <a href=\"https:\/\/billroth73.at\/wp-content\/uploads\/2025\/10\/Anmeldung-DLP_2026.27_Homepage.doc\" rel=\"noopener\">ANMELDEFORMULAR<\/a> aus <\/strong><strong>und senden Sie es bis 10.12.2025 an: emii.bergmann@bildung.gv.at<\/strong><\/p>\n<p>&nbsp;<\/p>\n<p>Our school BG\/BRG 19, has been an official DLP school since the 2007\/08 academic year. In contrast to international and bilingual schools, where all subjects are taught in English, only a certain number of classes and subjects per week are taught in the DLP class.<\/p>\n<p>The DLP class is limited to the Unterstufe \u2013 the first four years. Three hours per week in specific subjects which are: Biology, Geography, History or Music, are taught in part or entirely in English. There is a permanent, qualified native speaker teacher who team teaches with the Austrian-qualified subject teacher.<\/p>\n<p>For parents and pupils who are interested in the DLP class, there is an information stand at the school\u2019s \u201cTag der offenen T\u00fcr\u201d which is held every year in October. This is an opportunity to speak and ask questions to the teachers and pupils involved in the programme.<\/p>\n<p>If you would like to enrol your child for the upcoming academic year in the DLP class, the first step is to register for an <strong>orientation talk<\/strong>. These orientation talks place before the official enrolments for the academic year.<\/p>\n<p>&nbsp;<\/p>\n<p><strong>The orientation talks for the academic year 2026\/2027 will be held at the school from 21.01. until 23.01.2026. Registration for the orientation talks can be made ONLINE via <a href=\"http:\/\/www.billroth73.at\" target=\"_blank\" rel=\"noopener\">www.billroth73.at<\/a> from 08.01. till 14.01.2026.<\/strong><\/p>\n<p><strong>Please fill in the <a href=\"https:\/\/billroth73.at\/wp-content\/uploads\/2025\/10\/Anmeldung-DLP_2026.27_Homepage.doc\" rel=\"noopener\">REGISTRATION FORM<\/a> <\/strong><strong>and email it until 10.12.2025 to: emii.bergmann@bildung.gv.at<\/strong><\/p>\n<p>&nbsp;<\/p>\n<p><strong>Was sind Orientierungsgespr\u00e4che?<\/strong><\/p>\n<p>Im Rahmen eines Gespr\u00e4chs werden die Kinder auf ihre sprachliche Kompetenz eingesch\u00e4tzt, wobei es weniger darum geht, wie gut das Englisch der Kinder ist als vielmehr darum, wie sie in der Sprache kommunizieren, wie sie damit umgehen, wenn sie etwas nicht verstehen u.\u00e4.<\/p>\n<p>Die Kinder werden zu zweit zu einem ca. 15-min\u00fctigem Gespr\u00e4ch eingeladen. Es werden Fragen zu Hobbys, Dinge die sie m\u00f6gen\/nicht m\u00f6gen etc. gestellt. Es folgt eine gemeinsame Aktivit\u00e4t und zum Abschluss k\u00f6nnen die Kinder Fragen stellen.<\/p>\n<p>Rechtzeitig vor der Anmeldung f\u00fcr die 1.Klasse erfahren sie, ob ihr Kind sich f\u00fcr die DLP-Klasse qualifiziert hat und melden dann ihr Kind an unserer oder einer anderen Schule f\u00fcr die 1.Klasse an.<\/p>\n<p>&nbsp;<\/p>\n<p><strong>What are the orientation talks?<\/strong><\/p>\n<p>These are an informal conversation with our prospective pupils through which the language competency is looked into. The knowledge of English is less important than finding out how they communicate, how they react if something is unclear etc.<\/p>\n<p>The orientation talks last about 15 minutes and children are invited in pairs. As an ice breaker, questions about everyday activities, likes\/dislikes, what they did at school etc. are asked. A paired activity follows and to round up, the children can ask questions.<\/p>\n<p>You will be informed as to whether your child has successfully completed the orientation talks in time for you to register him or her for the first form either at our school or another school.[\/vc_column_text][vc_column_text][\/vc_column_text][\/vc_column][\/vc_row][vc_row][vc_column][\/vc_column][\/vc_row]<\/p>\n","protected":false},"excerpt":{"rendered":"<p>[vc_row][vc_column][vc_column_text][\/vc_column_text][vc_single_image image=&#8220;3120&#8243; img_size=&#8220;full&#8220;][vc_column_text][\/vc_column_text][vc_empty_space][vc_column_text]Seit dem Schuljahr 2007\/08 ist das BG\/BRG 19 eine offizielle DLP Schule. Im Gegensatz zu den International Schools und Bilingualen Schulen, wo alle F\u00e4cher auf Englisch unterrichtet werden, gibt es in der DLP Klasse lediglich eine gewisse Anzahl an Unterrichtsstunden auf Englisch. Die DLP Klasse ist auf die Unterstufe beschr\u00e4nkt (4 Jahre). In&hellip;<\/p>\n","protected":false},"author":1,"featured_media":0,"parent":0,"menu_order":0,"comment_status":"closed","ping_status":"closed","template":"","meta":{"footnotes":"","_links_to":"","_links_to_target":""},"class_list":["post-4135","page","type-page","status-publish","hentry","description-off"],"_links":{"self":[{"href":"https:\/\/billroth73.at\/index.php\/wp-json\/wp\/v2\/pages\/4135","targetHints":{"allow":["GET"]}}],"collection":[{"href":"https:\/\/billroth73.at\/index.php\/wp-json\/wp\/v2\/pages"}],"about":[{"href":"https:\/\/billroth73.at\/index.php\/wp-json\/wp\/v2\/types\/page"}],"author":[{"embeddable":true,"href":"https:\/\/billroth73.at\/index.php\/wp-json\/wp\/v2\/users\/1"}],"replies":[{"embeddable":true,"href":"https:\/\/billroth73.at\/index.php\/wp-json\/wp\/v2\/comments?post=4135"}],"version-history":[{"count":38,"href":"https:\/\/billroth73.at\/index.php\/wp-json\/wp\/v2\/pages\/4135\/revisions"}],"predecessor-version":[{"id":8831,"href":"https:\/\/billroth73.at\/index.php\/wp-json\/wp\/v2\/pages\/4135\/revisions\/8831"}],"wp:attachment":[{"href":"https:\/\/billroth73.at\/index.php\/wp-json\/wp\/v2\/media?parent=4135"}],"curies":[{"name":"wp","href":"https:\/\/api.w.org\/{rel}","templated":true}]}}