{"id":3966,"date":"2018-10-16T15:18:34","date_gmt":"2018-10-16T13:18:34","guid":{"rendered":"http:\/\/172.20.100.4\/?page_id=3966"},"modified":"2018-10-16T15:18:34","modified_gmt":"2018-10-16T13:18:34","slug":"paedagogisches-konzept","status":"publish","type":"page","link":"https:\/\/billroth73.at\/index.php\/paedagogisches-konzept\/","title":{"rendered":"P\u00e4dagogisches Konzept"},"content":{"rendered":"<p>[vc_row][vc_column][vc_column_text]<strong>Gemeinschaftsgef\u00fchl und Eigenverantwortlichkeit machen fr\u00f6hlich<\/strong><\/p>\n<p>Um die Mittagszeit gleicht die TAB-Anmeldung einem laut summenden Bienenstock. Kinder, die sich anmelden, \u00c4nderungen oder W\u00fcnsche vortragen, das Telefon klingelt dazwischen, ein Vater entschuldigt seine kranke Tochter, \u00fcbervolle Schultaschenk\u00e4sten, eine Oma sucht ihren Enkel im Speisesaal. Ein Pflaster wird auch noch dringend ben\u00f6tigt und eine Sch\u00fclerin ist wortstark auf der Suche nach ihrem Ausweis, den sie unbedingt zum Ausleihen als Pfand f\u00fcr einen Fu\u00dfball braucht. Vielleicht muss sie, wenn sie den Ausweis nicht findet, doch ihren Freund bitten f\u00fcr sie einzuspringen.<\/p>\n<p>Nach weiteren zehn Minuten hat sich die Anmeldung geleert und fast jede Sch\u00fclerin und jeder Sch\u00fcler, Lehrerin und Lehrer hat nun seinen Platz gefunden.<\/p>\n<p>Wir sind gemeinsam im Nachmittag angekommen und diese Gemeinschaft wird durch offene Strukturen organisiert, d.h. damit sind die offenen Freizeitgruppen gemeint, die sich an den verschiedenen Standorten innerhalb des Schulbereichs aufhalten. \u00a0Eigenverantwortung gem\u00e4\u00df jeder Altersstufe ist eine wichtige Grundlage f\u00fcr Kinder und Jugendliche, um Selbstvertrauen und soziale F\u00e4higkeiten zu entwickeln. Dieser Grundsatz gilt in der Tagesbetreuung in allen Bereichen, angefangen beim selbstst\u00e4ndigen An-und Abmelden am Nachmittag, beim Verantwortung tragen f\u00fcr ausgeborgte Freizeitger\u00e4te, als auch \u00fcber einen Standortwechsel Bescheid zu geben, wie das gemeinsame Spiel drau\u00dfen ohne jemanden dabei auszuschlie\u00dfen, oder\u00a0aktiv bei der L\u00f6sung von Konflikten mitzuwirken.<\/p>\n<p>Jede Sch\u00fclerin und jeder Sch\u00fcler kann selbst erfahren, dass unsere Gemeinschaft gut funktioniert, wenn man sich aktiv daran beteiligt. Dazu geh\u00f6rt auch das Helfen von Mitsch\u00fclerinnen und Mitsch\u00fcler, wenn die Haus\u00fcbungen Probleme machen. Unseren Lehrerinnen und Lehrern ist daher, neben der sinnvollen und gezielten Erledigung der Haus\u00fcbungen w\u00e4hrend der Lernzeit, die soziale F\u00f6rderung w\u00e4hrend der Lerneinheiten, wie auch im Freizeitbereich, ein zentrales Anliegen.<\/p>\n<p>Einen gezielten Umgang mit der Zeit zu erwerben ist schwierig und die selbstst\u00e4ndige Einteilung aller Haus\u00fcbungen geh\u00f6rt zu einer gro\u00dfen Herausforderung. Unser Lehrerinnenteam unterst\u00fctzt dabei die Kinder und sie lernen im Laufe der Lernzeiten ihre Arbeit zeitlich und strukturell selbst zu organisieren. Gemeinschaftlich mit den Eltern suchen wir L\u00f6sungen, wenn es manchmal nicht ganz so glatt abl\u00e4uft.<\/p>\n<p>Ein respektvoller Umgang zwischen den Sch\u00fclerinnen und Sch\u00fclern liegt uns am Herzen, der auch bei Konflikten beibehalten werden soll. Das Sch\u00fclerinnenteam der Mediationsgruppe steht uns auch dabei zur Seite. Alle Sch\u00fclerinnen und Sch\u00fcler sollen bei uns erfahren, dass jeder einzelne und seine Anliegen wichtig sind.<\/p>\n<p>Nicht nur der respektvolle Umgang mit anderen ist wichtig, auch der achtsame Umgang mit der Natur und unseren \u00f6kologischen Ressourcen erh\u00e4lt Raum und Zeit in der Tagesbetreuung. \u201eM\u00fcllaktionen\u201c und \u201eGesunde Jausen\u201c helfen das Bewusstsein daf\u00fcr zu sch\u00e4rfen.[\/vc_column_text][\/vc_column][\/vc_row]<\/p>\n","protected":false},"excerpt":{"rendered":"<p>[vc_row][vc_column][vc_column_text]Gemeinschaftsgef\u00fchl und Eigenverantwortlichkeit machen fr\u00f6hlich Um die Mittagszeit gleicht die TAB-Anmeldung einem laut summenden Bienenstock. Kinder, die sich anmelden, \u00c4nderungen oder W\u00fcnsche vortragen, das Telefon klingelt dazwischen, ein Vater entschuldigt seine kranke Tochter, \u00fcbervolle Schultaschenk\u00e4sten, eine Oma sucht ihren Enkel im Speisesaal. Ein Pflaster wird auch noch dringend ben\u00f6tigt und eine Sch\u00fclerin ist wortstark auf&hellip;<\/p>\n","protected":false},"author":1,"featured_media":0,"parent":0,"menu_order":0,"comment_status":"closed","ping_status":"closed","template":"","meta":{"footnotes":"","_links_to":"","_links_to_target":""},"class_list":["post-3966","page","type-page","status-publish","hentry","description-off"],"_links":{"self":[{"href":"https:\/\/billroth73.at\/index.php\/wp-json\/wp\/v2\/pages\/3966","targetHints":{"allow":["GET"]}}],"collection":[{"href":"https:\/\/billroth73.at\/index.php\/wp-json\/wp\/v2\/pages"}],"about":[{"href":"https:\/\/billroth73.at\/index.php\/wp-json\/wp\/v2\/types\/page"}],"author":[{"embeddable":true,"href":"https:\/\/billroth73.at\/index.php\/wp-json\/wp\/v2\/users\/1"}],"replies":[{"embeddable":true,"href":"https:\/\/billroth73.at\/index.php\/wp-json\/wp\/v2\/comments?post=3966"}],"version-history":[{"count":1,"href":"https:\/\/billroth73.at\/index.php\/wp-json\/wp\/v2\/pages\/3966\/revisions"}],"predecessor-version":[{"id":3967,"href":"https:\/\/billroth73.at\/index.php\/wp-json\/wp\/v2\/pages\/3966\/revisions\/3967"}],"wp:attachment":[{"href":"https:\/\/billroth73.at\/index.php\/wp-json\/wp\/v2\/media?parent=3966"}],"curies":[{"name":"wp","href":"https:\/\/api.w.org\/{rel}","templated":true}]}}

Pädagogisches Konzept

<p>[vc_row][vc_column][vc_column_text]<strong>Gemeinschaftsgefühl und Eigenverantwortlichkeit machen fröhlich</strong></p>
<p>Um die Mittagszeit gleicht die TAB-Anmeldung einem laut summenden Bienenstock. Kinder, die sich anmelden, Änderungen oder Wünsche vortragen, das Telefon klingelt dazwischen, ein Vater entschuldigt seine kranke Tochter, übervolle Schultaschenkästen, eine Oma sucht ihren Enkel im Speisesaal. Ein Pflaster wird auch noch dringend benötigt und eine Schülerin ist wortstark auf der Suche nach ihrem Ausweis, den sie unbedingt zum Ausleihen als Pfand für einen Fußball braucht. Vielleicht muss sie, wenn sie den Ausweis nicht findet, doch ihren Freund bitten für sie einzuspringen.</p>
<p>Nach weiteren zehn Minuten hat sich die Anmeldung geleert und fast jede Schülerin und jeder Schüler, Lehrerin und Lehrer hat nun seinen Platz gefunden.</p>
<p>Wir sind gemeinsam im Nachmittag angekommen und diese Gemeinschaft wird durch offene Strukturen organisiert, d.h. damit sind die offenen Freizeitgruppen gemeint, die sich an den verschiedenen Standorten innerhalb des Schulbereichs aufhalten.  Eigenverantwortung gemäß jeder Altersstufe ist eine wichtige Grundlage für Kinder und Jugendliche, um Selbstvertrauen und soziale Fähigkeiten zu entwickeln. Dieser Grundsatz gilt in der Tagesbetreuung in allen Bereichen, angefangen beim selbstständigen An-und Abmelden am Nachmittag, beim Verantwortung tragen für ausgeborgte Freizeitgeräte, als auch über einen Standortwechsel Bescheid zu geben, wie das gemeinsame Spiel draußen ohne jemanden dabei auszuschließen, oder aktiv bei der Lösung von Konflikten mitzuwirken.</p>
<p>Jede Schülerin und jeder Schüler kann selbst erfahren, dass unsere Gemeinschaft gut funktioniert, wenn man sich aktiv daran beteiligt. Dazu gehört auch das Helfen von Mitschülerinnen und Mitschüler, wenn die Hausübungen Probleme machen. Unseren Lehrerinnen und Lehrern ist daher, neben der sinnvollen und gezielten Erledigung der Hausübungen während der Lernzeit, die soziale Förderung während der Lerneinheiten, wie auch im Freizeitbereich, ein zentrales Anliegen.</p>
<p>Einen gezielten Umgang mit der Zeit zu erwerben ist schwierig und die selbstständige Einteilung aller Hausübungen gehört zu einer großen Herausforderung. Unser Lehrerinnenteam unterstützt dabei die Kinder und sie lernen im Laufe der Lernzeiten ihre Arbeit zeitlich und strukturell selbst zu organisieren. Gemeinschaftlich mit den Eltern suchen wir Lösungen, wenn es manchmal nicht ganz so glatt abläuft.</p>
<p>Ein respektvoller Umgang zwischen den Schülerinnen und Schülern liegt uns am Herzen, der auch bei Konflikten beibehalten werden soll. Das Schülerinnenteam der Mediationsgruppe steht uns auch dabei zur Seite. Alle Schülerinnen und Schüler sollen bei uns erfahren, dass jeder einzelne und seine Anliegen wichtig sind.</p>
<p>Nicht nur der respektvolle Umgang mit anderen ist wichtig, auch der achtsame Umgang mit der Natur und unseren ökologischen Ressourcen erhält Raum und Zeit in der Tagesbetreuung. „Müllaktionen“ und „Gesunde Jausen“ helfen das Bewusstsein dafür zu schärfen.[/vc_column_text][/vc_column][/vc_row]</p>

<p>[vc_row][vc_column][vc_column_text]Gemeinschaftsgefühl und Eigenverantwortlichkeit machen fröhlich Um die Mittagszeit gleicht die TAB-Anmeldung einem laut summenden Bienenstock. Kinder, die sich anmelden, Änderungen oder Wünsche vortragen, das Telefon klingelt dazwischen, ein Vater entschuldigt seine kranke Tochter, übervolle Schultaschenkästen, eine Oma sucht ihren Enkel im Speisesaal. Ein Pflaster wird auch noch dringend benötigt und eine Schülerin ist wortstark auf&hellip;</p>
