{"id":3415,"date":"2018-10-06T12:19:30","date_gmt":"2018-10-06T10:19:30","guid":{"rendered":"http:\/\/172.20.100.4\/?page_id=3415"},"modified":"2022-06-30T13:01:58","modified_gmt":"2022-06-30T11:01:58","slug":"oekolog","status":"publish","type":"page","link":"https:\/\/billroth73.at\/index.php\/oekolog\/","title":{"rendered":"Wir sind \u00d6KOLOG-Schule!"},"content":{"rendered":"<p>[vc_row][vc_column][vc_single_image image=&#8220;8023&#8243; img_size=&#8220;full&#8220;][vc_empty_space][\/vc_column][\/vc_row][vc_row][vc_column][vc_column_text]<\/p>\n<p style=\"font-weight: 400;\"><strong>\u00d6KOLOG \u2013 Netzwerk von Schule und Umwelt<\/strong><\/p>\n<p style=\"font-weight: 400;\">\u00d6KOLOG ist ein Programm des Unterrichtsministeriums, um eine \u00f6kologische, soziale sowie wirtschaftlich nachhaltige Gestaltung des Lebensraums Schule als kontinuierlichen Entwicklungsprozess zu etablieren und im Schulleben zu verankern.<\/p>\n<p style=\"font-weight: 400;\"><strong>Ziel <\/strong><\/p>\n<p style=\"font-weight: 400;\">Ziel ist eine Sensibilisierung von Sch\u00fclerInnen, aber auch LehrerInnen f\u00fcr den Bereich Umweltbildung und Nachhaltigkeit.<\/p>\n<ul>\n<li>\u00d6KOLOG lebt vom Projektunterricht. Dies verst\u00e4rkt den Zusammenhalt zwischen Sch\u00fclerInnen und LehrerInnen.<\/li>\n<li>Dadurch wird aktives Mitgestalten und Mitentscheiden \u00fcber den Lebensraum Schule erm\u00f6glicht.<\/li>\n<li>Ideen zur Nachhaltigkeit und Gesundheit k\u00f6nnen im Alltag von Sch\u00fclerInnen und LehrerInnen umgesetzt und angepasst werden.<\/li>\n<li>Das f\u00fchrt zur Erh\u00f6hung des Umweltbewusstseins und der Erkenntnis, etwas verbessern zu k\u00f6nnen.<\/li>\n<\/ul>\n<p style=\"font-weight: 400;\"><strong>Bisherige Projekte<\/strong><\/p>\n<p style=\"font-weight: 400;\">Unsere Schule ist schon seit 2007\/2008 Teil des \u00f6sterreichischen \u00d6kolog-Netzwerkes! Aus diesem Grund k\u00f6nnen wir auf viele Projekte und Initiativen zur\u00fcckblicken.<\/p>\n<p style=\"font-weight: 400;\">Hier ein ganz kompakter Auszug der T\u00e4tigkeiten der vergangenen Jahr(zehnt)e!<\/p>\n<p style=\"font-weight: 400;\"><strong>Umwelt- und Naturschutz<\/strong><\/p>\n<p style=\"font-weight: 400;\">Seit 2012\/13 gibt es eine j\u00e4hrliche gro\u00dfe Spendensammelaktion zugunsten des Freikaufs des Regenwalds der \u00d6sterreicher in Costa Rica. Unser Regenwald des GRG19 entspricht mittlerweile nicht mehr nur der Gr\u00f6\u00dfe eines Gartens, sondern der eines Fu\u00dfballplatzes und umfasst Patenschaften f\u00fcr Jaguare, Ozelots, Aras, Totenkopf\u00e4ffchen, Tapire und weitere Tierarten sowie Bepflanzungen zum Wiederaufforsten von Regenwaldb\u00e4umen. Den Rekord an Spendengeldern sammelte die sehr engagierte 2B im Schuljahr 2020\/21.<\/p>\n<p style=\"font-weight: 400;\">Die Entwicklung eines Leitungswasserkraftwerks mit Sch\u00fclerInnen war ein Highlight, ebenso wie eine Wanderausstellung f\u00fcr Schulen zum Thema Klima, Welthunger, Konsum und Tierschutz, oder die Teilnahme am Klimastreik,\u2026<\/p>\n<p style=\"font-weight: 400;\">Es gibt Bienenv\u00f6lker an unserer Schule, Bienenst\u00f6cke wurden im Modul \u201eImkerei\u201c gebaut. Bepflanzungen am Schulgel\u00e4nde sorgen f\u00fcr noch mehr Bl\u00fcten und sind nicht nur wundersch\u00f6n anzusehen, sondern auch Nahrungsgrundlage f\u00fcr die Bienen. F\u00fcr die zweiten Klassen ist ein Bienenprojekt geplant.<\/p>\n<p style=\"font-weight: 400;\"><strong>\u00a0<\/strong><\/p>\n<p style=\"font-weight: 400;\"><strong>Tierschutz<\/strong><\/p>\n<p style=\"font-weight: 400;\">Viele Klassen setzten sich im Laufe der Jahre f\u00fcr die Tiere ein. Dabei gab es Themenschwerpunkte wie Heimtiere mit dem Projekt \u201ePet Buddy goes School Programms\u201c, \u201eFleischlostage\u201c, Projekt \u201eMeine Jause f\u00fcr eine Hungerpause\u201c f\u00fcr Stra\u00dfenkatzen, \u201eTierethik\u201c mit Vortrag von DDr. Martin Balluch, Plakatausstellung zum Thema Tierschutz und Tierrecht, Recherchieren, Planen oder Bauen von verschiedenen H\u00e4uschen\/Nistk\u00e4stchen f\u00fcr Insekten, Flederm\u00e4use, Eichh\u00f6rnchen, V\u00f6gel plus Erstellung einer Brosch\u00fcre. Schlussendlich wurden Spenden und Futter von der engagierten 7A 2022 f\u00fcr ein Tierheim in Kroatien gesammelt und im Zuge der englischsprachigen meeresbiologischen Reise bei einem Besuch im Tierheim \u00fcberreicht.<\/p>\n<p style=\"font-weight: 400;\"><strong>Abfall<\/strong><\/p>\n<p style=\"font-weight: 400;\">Schon seit 2012\/13 nehmen wir j\u00e4hrlich gemeinsam mit der Tagesbetreuung und dem Modul \u201eUmwelt- und Tierschutz\u201c an der M\u00fcllsammelaktion \u201eFr\u00fchjahrsputz\u201c der Stadt Wien teil. 2014\/15 wurde von Sch\u00fclerInnen ein satirischer Kurzfilm \u201eDie M\u00fcllkommisision\u201c gedreht. Es gab verschiedenste Projekte zum Thema Abfallvermeidung und M\u00fclltrennung, sowie eine Plakataktion zum Thema Plastik. Vor vielen Jahren wurde das M\u00fclltrennsystems eingef\u00fchrt, gemeinsam mit einem Logo-Wettbewerb f\u00fcr die Sammelboxen und einem \u00d6ko-Award f\u00fcr saubere, freundlichere und sch\u00f6nere Klassen und einem M\u00fclltrenn-Gewinnspiel.<\/p>\n<p style=\"font-weight: 400;\"><strong>Begr\u00fcnung<\/strong><\/p>\n<p style=\"font-weight: 400;\">Immer wieder wird unser Schulstandort weiter begr\u00fcnt. Ein Naturspielplatz hinter der Schule wird permanent weiter liebevoll gestaltet. Seit 2009\/10 gibt es die erste Klasse im Gr\u00fcnen, mittlerweile einen zweiten Platz im Gr\u00fcnen mit Outdoor-Schulb\u00e4nken. Das Weidenhaus w\u00e4chst seit 2011\/12 ungebremst. Ein Gem\u00fcsehochbeet wurde im Schulhof errichtet mit Dokumentation des Wachstums der Pflanzen durch Animationsfilm. F\u00fcr Durstige beim Sport am Hartplatz oder Kinder der Nachmittagsbetreuung wurde ein Trinkbrunnen mit Teichrosen gestaltet und gebaut, das Projekt \u201eVertical farming\u201c zeigte, dass aus alten Plastikflaschen vertikale G\u00e4rten errichtet werden k\u00f6nnen. Mit Hilfe eines Sparkling Science Projektes \u201eGreen4brain\u201c, dem Projekt \u201eArchitektur im Gr\u00fcnen\u201c mit Umfrage, wie der Schulhof gestaltet werden soll und der Planung der Sch\u00fclerInnen mit ExpertInnen, entstanden drei riesige Hochbeete mit Drahtseil-Rankhilfen f\u00fcr Pflanzen. Professor Axel Rot spendete dankenswerterweise spontan im Fr\u00fchjahr 2022 f\u00fcnfzig Weinst\u00f6cke, die am Schulgel\u00e4nde gepflanzt wurden, wie nat\u00fcrliche Klimaanlagen wirken und nebenbei einen bunten und k\u00f6stlichen Naschgarten darstellen. Nun sind weitere B\u00e4ume zur Abk\u00fchlung geplant.<\/p>\n<p>[\/vc_column_text][\/vc_column][\/vc_row][vc_row][vc_column][vc_empty_space]<div id=\"ultimate-heading-859669fc8f9d2c05b\" class=\"uvc-heading ult-adjust-bottom-margin ultimate-heading-859669fc8f9d2c05b uvc-9977 accent-border-color\" data-hspacer=\"line_only\"  data-halign=\"left\" style=\"text-align:left\"><div class=\"uvc-main-heading ult-responsive\"  data-ultimate-target='.uvc-heading.ultimate-heading-859669fc8f9d2c05b h2'  data-responsive-json-new='{\"font-size\":\"desktop:26px;\",\"line-height\":\"desktop:36px;\"}' ><h2 style=\"--font-weight:theme;margin-bottom:10px;\">\u00d6kolog Projekte<\/h2><\/div><div class=\"uvc-heading-spacer line_only\" style=\"margin-bottom:60px;height:3px;\"><span class=\"uvc-headings-line\" style=\"border-style:solid;border-bottom-width:3px;border-color:#ccc;width:80px;\"><\/span><\/div><\/div><style type=\"text\/css\" data-type=\"the7_shortcodes-inline-css\">.gallery-shortcode.gallery-photos-masonry-shortcode-id-f8c33e9398641bffa36f905dc51e1dfe figure,\n.gallery-shortcode.gallery-photos-masonry-shortcode-id-f8c33e9398641bffa36f905dc51e1dfe .rollover,\n.gallery-shortcode.gallery-photos-masonry-shortcode-id-f8c33e9398641bffa36f905dc51e1dfe img,\n.gallery-shortcode.gallery-photos-masonry-shortcode-id-f8c33e9398641bffa36f905dc51e1dfe .gallery-rollover {\n  border-radius: 0px;\n}\n.gallery-shortcode.gallery-photos-masonry-shortcode-id-f8c33e9398641bffa36f905dc51e1dfe.enable-bg-rollover .gallery-rollover {\n  background: -webkit-linear-gradient();\n  background: linear-gradient();\n}\n.gallery-shortcode.gallery-photos-masonry-shortcode-id-f8c33e9398641bffa36f905dc51e1dfe.enable-bg-rollover.hover-scale .rollover:after {\n  background: -webkit-linear-gradient();\n  background: linear-gradient();\n}\n.gallery-shortcode.gallery-photos-masonry-shortcode-id-f8c33e9398641bffa36f905dc51e1dfe .gallery-zoom-ico {\n  width: 44px;\n  height: 44px;\n  line-height: 44px;\n  border-radius: 100px;\n  margin: -22px 0 0 -22px;\n  border-width: 0px;\n}\n.dt-icon-bg-on.gallery-shortcode.gallery-photos-masonry-shortcode-id-f8c33e9398641bffa36f905dc51e1dfe .gallery-zoom-ico {\n  background: rgba(255,255,255,0.3);\n  -webkit-box-shadow: none;\n  box-shadow: none;\n}\n.gallery-shortcode.gallery-photos-masonry-shortcode-id-f8c33e9398641bffa36f905dc51e1dfe .gallery-zoom-ico:before,\n.gallery-shortcode.gallery-photos-masonry-shortcode-id-f8c33e9398641bffa36f905dc51e1dfe .gallery-zoom-ico span {\n  font-size: 32px;\n  line-height: 44px;\n  color: #ffffff;\n}\n.gallery-shortcode.gallery-photos-masonry-shortcode-id-f8c33e9398641bffa36f905dc51e1dfe:not(.resize-by-browser-width) .dt-css-grid {\n  grid-row-gap: 2px;\n  grid-column-gap: 2px;\n  grid-template-columns: repeat(auto-fill,minmax(,1fr));\n}\n.gallery-shortcode.gallery-photos-masonry-shortcode-id-f8c33e9398641bffa36f905dc51e1dfe:not(.resize-by-browser-width) .dt-css-grid .double-width {\n  grid-column: span 2;\n}\n.cssgridlegacy.no-cssgrid .gallery-shortcode.gallery-photos-masonry-shortcode-id-f8c33e9398641bffa36f905dc51e1dfe:not(.resize-by-browser-width) .dt-css-grid,\n.no-cssgridlegacy.no-cssgrid .gallery-shortcode.gallery-photos-masonry-shortcode-id-f8c33e9398641bffa36f905dc51e1dfe:not(.resize-by-browser-width) .dt-css-grid {\n  display: flex;\n  flex-flow: row wrap;\n  margin: -1px;\n}\n.cssgridlegacy.no-cssgrid .gallery-shortcode.gallery-photos-masonry-shortcode-id-f8c33e9398641bffa36f905dc51e1dfe:not(.resize-by-browser-width) .dt-css-grid .wf-cell,\n.no-cssgridlegacy.no-cssgrid .gallery-shortcode.gallery-photos-masonry-shortcode-id-f8c33e9398641bffa36f905dc51e1dfe:not(.resize-by-browser-width) .dt-css-grid .wf-cell {\n  flex: 1 0 ;\n  max-width: 100%;\n  padding: 1px;\n  box-sizing: border-box;\n}\n.gallery-shortcode.gallery-photos-masonry-shortcode-id-f8c33e9398641bffa36f905dc51e1dfe.resize-by-browser-width .dt-css-grid {\n  grid-template-columns: repeat(3,1fr);\n  grid-template-rows: auto;\n  grid-column-gap: 2px;\n  grid-row-gap: 2px;\n}\n.gallery-shortcode.gallery-photos-masonry-shortcode-id-f8c33e9398641bffa36f905dc51e1dfe.resize-by-browser-width .dt-css-grid .double-width {\n  grid-column: span 2;\n}\n.cssgridlegacy.no-cssgrid .gallery-shortcode.gallery-photos-masonry-shortcode-id-f8c33e9398641bffa36f905dc51e1dfe.resize-by-browser-width .dt-css-grid {\n  margin: -1px;\n}\n.cssgridlegacy.no-cssgrid .gallery-shortcode.gallery-photos-masonry-shortcode-id-f8c33e9398641bffa36f905dc51e1dfe.resize-by-browser-width .dt-css-grid .wf-cell {\n  width: 33.333333333333%;\n  padding: 1px;\n}\n.cssgridlegacy.no-cssgrid .gallery-shortcode.gallery-photos-masonry-shortcode-id-f8c33e9398641bffa36f905dc51e1dfe.resize-by-browser-width .dt-css-grid .wf-cell.double-width {\n  width: calc(33.333333333333%) * 2;\n}\n.gallery-shortcode.gallery-photos-masonry-shortcode-id-f8c33e9398641bffa36f905dc51e1dfe.resize-by-browser-width:not(.centered-layout-list):not(.content-bg-on) .dt-css-grid {\n  grid-row-gap: 2px - ;\n}\n@media screen and (max-width: 1199px) {\n  .gallery-shortcode.gallery-photos-masonry-shortcode-id-f8c33e9398641bffa36f905dc51e1dfe.resize-by-browser-width .dt-css-grid {\n    grid-template-columns: repeat(3,1fr);\n  }\n  .cssgridlegacy.no-cssgrid .gallery-shortcode.gallery-photos-masonry-shortcode-id-f8c33e9398641bffa36f905dc51e1dfe.resize-by-browser-width .dt-css-grid .wf-cell,\n  .no-cssgridlegacy.no-cssgrid .gallery-shortcode.gallery-photos-masonry-shortcode-id-f8c33e9398641bffa36f905dc51e1dfe.resize-by-browser-width .dt-css-grid .wf-cell {\n    width: 33.333333333333%;\n  }\n  .cssgridlegacy.no-cssgrid .gallery-shortcode.gallery-photos-masonry-shortcode-id-f8c33e9398641bffa36f905dc51e1dfe.resize-by-browser-width .dt-css-grid .wf-cell.double-width,\n  .no-cssgridlegacy.no-cssgrid .gallery-shortcode.gallery-photos-masonry-shortcode-id-f8c33e9398641bffa36f905dc51e1dfe.resize-by-browser-width .dt-css-grid .wf-cell.double-width {\n    width: calc(33.333333333333%)*2;\n  }\n}\n@media screen and (max-width: 991px) {\n  .gallery-shortcode.gallery-photos-masonry-shortcode-id-f8c33e9398641bffa36f905dc51e1dfe.resize-by-browser-width .dt-css-grid {\n    grid-template-columns: repeat(2,1fr);\n  }\n  .cssgridlegacy.no-cssgrid .gallery-shortcode.gallery-photos-masonry-shortcode-id-f8c33e9398641bffa36f905dc51e1dfe.resize-by-browser-width .dt-css-grid .wf-cell,\n  .no-cssgridlegacy.no-cssgrid .gallery-shortcode.gallery-photos-masonry-shortcode-id-f8c33e9398641bffa36f905dc51e1dfe.resize-by-browser-width .dt-css-grid .wf-cell {\n    width: 50%;\n  }\n  .cssgridlegacy.no-cssgrid .gallery-shortcode.gallery-photos-masonry-shortcode-id-f8c33e9398641bffa36f905dc51e1dfe.resize-by-browser-width .dt-css-grid .wf-cell.double-width,\n  .no-cssgridlegacy.no-cssgrid .gallery-shortcode.gallery-photos-masonry-shortcode-id-f8c33e9398641bffa36f905dc51e1dfe.resize-by-browser-width .dt-css-grid .wf-cell.double-width {\n    width: calc(50%)*2;\n  }\n}\n@media screen and (max-width: 767px) {\n  .gallery-shortcode.gallery-photos-masonry-shortcode-id-f8c33e9398641bffa36f905dc51e1dfe.resize-by-browser-width .dt-css-grid {\n    grid-template-columns: repeat(1,1fr);\n  }\n  .cssgridlegacy.no-cssgrid .gallery-shortcode.gallery-photos-masonry-shortcode-id-f8c33e9398641bffa36f905dc51e1dfe.resize-by-browser-width .dt-css-grid .wf-cell,\n  .no-cssgridlegacy.no-cssgrid .gallery-shortcode.gallery-photos-masonry-shortcode-id-f8c33e9398641bffa36f905dc51e1dfe.resize-by-browser-width .dt-css-grid .wf-cell {\n    width: 100%;\n  }\n  .cssgridlegacy.no-cssgrid .gallery-shortcode.gallery-photos-masonry-shortcode-id-f8c33e9398641bffa36f905dc51e1dfe.resize-by-browser-width .dt-css-grid .wf-cell.double-width,\n  .no-cssgridlegacy.no-cssgrid .gallery-shortcode.gallery-photos-masonry-shortcode-id-f8c33e9398641bffa36f905dc51e1dfe.resize-by-browser-width .dt-css-grid .wf-cell.double-width {\n    width: calc(100%)*2;\n  }\n}\n<\/style><div class=\"gallery-shortcode album-gallery-shortcode dt-gallery-container gallery-photos-masonry-shortcode-id-f8c33e9398641bffa36f905dc51e1dfe mode-grid jquery-filter dt-icon-bg-off quick-scale-img dt-css-grid-wrap enable-bg-rollover resize-by-browser-width  hover-fade loading-effect-fade-in description-on-hover\" data-padding=\"1px\" data-cur-page=\"1\" data-post-limit=\"-1\" data-pagination-mode=\"none\" data-desktop-columns-num=\"3\" data-v-tablet-columns-num=\"2\" data-h-tablet-columns-num=\"3\" data-phone-columns-num=\"1\" data-width=\"0px\" data-columns=\"0\"><div class=\"dt-css-grid\" ><div class=\"visible wf-cell\" data-post-id=\"8025\" data-date=\"2022-06-30T13:00:03+02:00\" data-name=\"Nistkasten aufh\u00e4ngen\"><article class=\"post visible post-8025 attachment type-attachment status-inherit hentry no-img\"><a href=\"https:\/\/billroth73.at\/wp-content\/uploads\/2018\/10\/Nistkasten-aufhaengen-scaled.jpg\" class=\"rollover-click-target rollover dt-pswp-item layzr-bg\" title=\"Nistkasten aufh\u00e4ngen\" data-dt-img-description=\"\"  data-large_image_width=\"1920\" data-large_image_height = \"2560\" ><img fetchpriority=\"high\" decoding=\"async\" class=\"preload-me iso-lazy-load aspect\" src=\"data:image\/svg+xml,%3Csvg%20xmlns%3D&#39;http%3A%2F%2Fwww.w3.org%2F2000%2Fsvg&#39;%20viewBox%3D&#39;0%200%20768%20768&#39;%2F%3E\" data-src=\"https:\/\/billroth73.at\/wp-content\/uploads\/2018\/10\/Nistkasten-aufhaengen-scaled-768x768.jpg\" data-srcset=\"https:\/\/billroth73.at\/wp-content\/uploads\/2018\/10\/Nistkasten-aufhaengen-scaled-768x768.jpg 768w, https:\/\/billroth73.at\/wp-content\/uploads\/2018\/10\/Nistkasten-aufhaengen-scaled-1152x1152.jpg 1152w\" loading=\"eager\" style=\"--ratio: 768 \/ 768\" sizes=\"(max-width: 768px) 100vw, 768px\" alt=\"\" width=\"768\" height=\"768\"  \/><span class=\"gallery-rollover\"><span class=\"gallery-zoom-ico icomoon-the7-font-the7-zoom-06\"><span><\/span><\/span><\/span><\/a><\/article><\/div><div class=\"visible wf-cell\" data-post-id=\"8026\" data-date=\"2022-06-30T13:00:07+02:00\" data-name=\"Weinst\u00f6cke 1\"><article class=\"post visible post-8026 attachment type-attachment status-inherit hentry no-img\"><a href=\"https:\/\/billroth73.at\/wp-content\/uploads\/2018\/10\/Weinstoecke-1-scaled.jpg\" class=\"rollover-click-target rollover dt-pswp-item layzr-bg\" title=\"Weinst\u00f6cke 1\" data-dt-img-description=\"\"  data-large_image_width=\"2560\" data-large_image_height = \"1928\" ><img decoding=\"async\" class=\"preload-me iso-lazy-load aspect\" src=\"data:image\/svg+xml,%3Csvg%20xmlns%3D&#39;http%3A%2F%2Fwww.w3.org%2F2000%2Fsvg&#39;%20viewBox%3D&#39;0%200%20768%20768&#39;%2F%3E\" data-src=\"https:\/\/billroth73.at\/wp-content\/uploads\/2018\/10\/Weinstoecke-1-scaled-768x768.jpg\" data-srcset=\"https:\/\/billroth73.at\/wp-content\/uploads\/2018\/10\/Weinstoecke-1-scaled-768x768.jpg 768w, https:\/\/billroth73.at\/wp-content\/uploads\/2018\/10\/Weinstoecke-1-scaled-1152x1152.jpg 1152w\" loading=\"eager\" style=\"--ratio: 768 \/ 768\" sizes=\"(max-width: 768px) 100vw, 768px\" alt=\"\" width=\"768\" height=\"768\"  \/><span class=\"gallery-rollover\"><span class=\"gallery-zoom-ico icomoon-the7-font-the7-zoom-06\"><span><\/span><\/span><\/span><\/a><\/article><\/div><div class=\"visible wf-cell\" data-post-id=\"3458\" data-date=\"2018-10-07T19:39:43+02:00\" data-name=\"2018 - Hochbeete (Projekt Schulhofbegr\u00fcnung)\"><article class=\"post visible post-3458 attachment type-attachment status-inherit hentry no-img\"><a href=\"https:\/\/billroth73.at\/wp-content\/uploads\/2018\/10\/2018-Hochbeete.png\" class=\"rollover-click-target rollover dt-pswp-item layzr-bg\" title=\"2018 &#8211; Hochbeete (Projekt Schulhofbegr\u00fcnung)\" data-dt-img-description=\"\"  data-large_image_width=\"709\" data-large_image_height = \"531\" ><img decoding=\"async\" class=\"preload-me iso-lazy-load aspect\" src=\"data:image\/svg+xml,%3Csvg%20xmlns%3D&#39;http%3A%2F%2Fwww.w3.org%2F2000%2Fsvg&#39;%20viewBox%3D&#39;0%200%20531%20531&#39;%2F%3E\" data-src=\"https:\/\/billroth73.at\/wp-content\/uploads\/2018\/10\/2018-Hochbeete-531x531.png\" data-srcset=\"https:\/\/billroth73.at\/wp-content\/uploads\/2018\/10\/2018-Hochbeete-531x531.png 531w\" loading=\"eager\" style=\"--ratio: 531 \/ 531\" sizes=\"(max-width: 531px) 100vw, 531px\" alt=\"\" width=\"531\" height=\"531\"  \/><span class=\"gallery-rollover\"><span class=\"gallery-zoom-ico icomoon-the7-font-the7-zoom-06\"><span><\/span><\/span><\/span><\/a><\/article><\/div><div class=\"visible wf-cell\" data-post-id=\"3457\" data-date=\"2018-10-07T19:39:42+02:00\" data-name=\"2018 - Brunnen (Prof. Walcher)\"><article class=\"post visible post-3457 attachment type-attachment status-inherit hentry no-img\"><a href=\"https:\/\/billroth73.at\/wp-content\/uploads\/2018\/10\/2018-Brunnen-Hartwig-IMG_20180921_132717754_HDR.png\" class=\"rollover-click-target rollover dt-pswp-item layzr-bg\" title=\"2018 &#8211; Brunnen (Prof. Walcher)\" data-dt-img-description=\"\"  data-large_image_width=\"709\" data-large_image_height = \"531\" ><img decoding=\"async\" class=\"preload-me iso-lazy-load aspect\" src=\"data:image\/svg+xml,%3Csvg%20xmlns%3D&#39;http%3A%2F%2Fwww.w3.org%2F2000%2Fsvg&#39;%20viewBox%3D&#39;0%200%20531%20531&#39;%2F%3E\" data-src=\"https:\/\/billroth73.at\/wp-content\/uploads\/2018\/10\/2018-Brunnen-Hartwig-IMG_20180921_132717754_HDR-531x531.png\" data-srcset=\"https:\/\/billroth73.at\/wp-content\/uploads\/2018\/10\/2018-Brunnen-Hartwig-IMG_20180921_132717754_HDR-531x531.png 531w\" loading=\"eager\" style=\"--ratio: 531 \/ 531\" sizes=\"(max-width: 531px) 100vw, 531px\" alt=\"\" width=\"531\" height=\"531\"  \/><span class=\"gallery-rollover\"><span class=\"gallery-zoom-ico icomoon-the7-font-the7-zoom-06\"><span><\/span><\/span><\/span><\/a><\/article><\/div><div class=\"visible wf-cell\" data-post-id=\"3456\" data-date=\"2018-10-07T19:39:40+02:00\" data-name=\"2008 \u00d6kologtag &quot;gesunde Jause&quot;\"><article class=\"post visible post-3456 attachment type-attachment status-inherit hentry no-img\"><a href=\"https:\/\/billroth73.at\/wp-content\/uploads\/2018\/10\/2008Oekologtag_231.png\" class=\"rollover-click-target rollover dt-pswp-item layzr-bg\" title=\"2008 \u00d6kologtag &#8222;gesunde Jause&#8220;\" data-dt-img-description=\"\"  data-large_image_width=\"709\" data-large_image_height = \"531\" ><img decoding=\"async\" class=\"preload-me iso-lazy-load aspect\" src=\"data:image\/svg+xml,%3Csvg%20xmlns%3D&#39;http%3A%2F%2Fwww.w3.org%2F2000%2Fsvg&#39;%20viewBox%3D&#39;0%200%20531%20531&#39;%2F%3E\" data-src=\"https:\/\/billroth73.at\/wp-content\/uploads\/2018\/10\/2008Oekologtag_231-531x531.png\" data-srcset=\"https:\/\/billroth73.at\/wp-content\/uploads\/2018\/10\/2008Oekologtag_231-531x531.png 531w\" loading=\"eager\" style=\"--ratio: 531 \/ 531\" sizes=\"(max-width: 531px) 100vw, 531px\" alt=\"\" width=\"531\" height=\"531\"  \/><span class=\"gallery-rollover\"><span class=\"gallery-zoom-ico icomoon-the7-font-the7-zoom-06\"><span><\/span><\/span><\/span><\/a><\/article><\/div><div class=\"visible wf-cell\" data-post-id=\"3453\" data-date=\"2018-10-07T19:39:36+02:00\" data-name=\"2008  \u00d6kologtag\"><article class=\"post visible post-3453 attachment type-attachment status-inherit hentry no-img\"><a href=\"https:\/\/billroth73.at\/wp-content\/uploads\/2018\/10\/2008Oekologtag_098.png\" class=\"rollover-click-target rollover dt-pswp-item layzr-bg\" title=\"2008  \u00d6kologtag\" data-dt-img-description=\"\"  data-large_image_width=\"709\" data-large_image_height = \"531\" ><img decoding=\"async\" class=\"preload-me iso-lazy-load aspect\" src=\"data:image\/svg+xml,%3Csvg%20xmlns%3D&#39;http%3A%2F%2Fwww.w3.org%2F2000%2Fsvg&#39;%20viewBox%3D&#39;0%200%20531%20531&#39;%2F%3E\" data-src=\"https:\/\/billroth73.at\/wp-content\/uploads\/2018\/10\/2008Oekologtag_098-531x531.png\" data-srcset=\"https:\/\/billroth73.at\/wp-content\/uploads\/2018\/10\/2008Oekologtag_098-531x531.png 531w\" loading=\"eager\" style=\"--ratio: 531 \/ 531\" sizes=\"(max-width: 531px) 100vw, 531px\" alt=\"\" width=\"531\" height=\"531\"  \/><span class=\"gallery-rollover\"><span class=\"gallery-zoom-ico icomoon-the7-font-the7-zoom-06\"><span><\/span><\/span><\/span><\/a><\/article><\/div><\/div><!-- iso-container|iso-grid --><\/div>[\/vc_column][\/vc_row]<\/p>\n","protected":false},"excerpt":{"rendered":"<p>[vc_row][vc_column][vc_single_image image=&#8220;8023&#8243; img_size=&#8220;full&#8220;][vc_empty_space][\/vc_column][\/vc_row][vc_row][vc_column][vc_column_text] \u00d6KOLOG \u2013 Netzwerk von Schule und Umwelt \u00d6KOLOG ist ein Programm des Unterrichtsministeriums, um eine \u00f6kologische, soziale sowie wirtschaftlich nachhaltige Gestaltung des Lebensraums Schule als kontinuierlichen Entwicklungsprozess zu etablieren und im Schulleben zu verankern. Ziel Ziel ist eine Sensibilisierung von Sch\u00fclerInnen, aber auch LehrerInnen f\u00fcr den Bereich Umweltbildung und Nachhaltigkeit. \u00d6KOLOG lebt&hellip;<\/p>\n","protected":false},"author":1,"featured_media":0,"parent":0,"menu_order":0,"comment_status":"closed","ping_status":"closed","template":"","meta":{"footnotes":"","_links_to":"","_links_to_target":""},"class_list":["post-3415","page","type-page","status-publish","hentry","description-off"],"_links":{"self":[{"href":"https:\/\/billroth73.at\/index.php\/wp-json\/wp\/v2\/pages\/3415","targetHints":{"allow":["GET"]}}],"collection":[{"href":"https:\/\/billroth73.at\/index.php\/wp-json\/wp\/v2\/pages"}],"about":[{"href":"https:\/\/billroth73.at\/index.php\/wp-json\/wp\/v2\/types\/page"}],"author":[{"embeddable":true,"href":"https:\/\/billroth73.at\/index.php\/wp-json\/wp\/v2\/users\/1"}],"replies":[{"embeddable":true,"href":"https:\/\/billroth73.at\/index.php\/wp-json\/wp\/v2\/comments?post=3415"}],"version-history":[{"count":26,"href":"https:\/\/billroth73.at\/index.php\/wp-json\/wp\/v2\/pages\/3415\/revisions"}],"predecessor-version":[{"id":8027,"href":"https:\/\/billroth73.at\/index.php\/wp-json\/wp\/v2\/pages\/3415\/revisions\/8027"}],"wp:attachment":[{"href":"https:\/\/billroth73.at\/index.php\/wp-json\/wp\/v2\/media?parent=3415"}],"curies":[{"name":"wp","href":"https:\/\/api.w.org\/{rel}","templated":true}]}}